nd derivative of -s**5/120 + s**3/3 + 23*s**2/2 + 12*s. Let q(g) be the second derivative of y(g). Give q(0).
0
Suppose 60 = -6*l + 78. Let i(j) be the third derivative of -4*j**2 - 1/6*j**l - 5/24*j**4 + 0 + 0*j. Determine i(-1).
4
Let c(n) = -n**2 - 6*n + 5. Let o(p) = p**3 + 2*p**2 + 3*p + 2. Suppose -5*g - 3*t - 4 = 12, -3*g - 8 = t. Let h be o(g). Let l = -2 + h. What is c(l)?
5
Let r(d) = -d**3 + 5*d**2 - 2*d + 3. Suppose j = 2*s - 86, 0 = 3*s - 0*s - 4*j - 139. Let p = 33 - s. Let v be 0 + (4 + -7 - p). Give r(v).
-7
Let n = 0 + 7. Suppose 2*s = -5*j + 1, 3 = 3*s - n*s - 5*j. Let i(x) = 15*x + 15. Let y(z) = -7*z - 7. Let b(f) = 4*i(f) + 9*y(f). Determine b(s).
3
Let o(n) = -n + 9. Suppose -2*z - q + 2 = 13, -41 = 5*z - 2*q. Let d(v) = 163 - 161 - 2*v + 17. Let k(w) = z*o(w) + 3*d(w). Give k(6).
0
Let j(m) = -4 + 3*m + m**2 - 2*m**2 - 9*m. Let w be ((-437)/(-190))/23 + (-122)/20. Give j(w).
-4
Suppose 3*l + 4*r - 20 = 0, 2*l + 0*r = 3*r + 36. Let c = l + -16. Let p(o) = -o**2 - 3*o + 1. Calculate p(c).
-3
Let g(z) = 4*z**2 - 2*z - 6. Let j(t) = -t**3 - 5*t**2 - 4*t + 8. Let s be j(-4). Let m(n) = 11*n**2 - 7*n - 18. Let k(r) = s*g(r) - 3*m(r). Give k(7).
-8
Let p(i) = 3*i + 5. Let w = -68 + 70. Let r be 3/(-12) - 50/(-8). Suppose 0 = -r*j + w*j - 16. Give p(j).
-7
Let d(i) = -i**2 + 7*i - 6. Let b be d(6). Let g(x) = x - 4 - x - x. Determine g(b).
-4
Let i = -8 - -10. Let m(k) = 3*k - 56*k**3 - 4 + 6*k**i + 57*k**3 - 1. Give m(-5).
5
Let k be (-8)/12*3*-4. Let f(s) = -2 + s**2 + k*s + 0*s**2 - 4*s. Calculate f(-3).
-5
Let u(j) be the second derivative of j**3/3 + j**2/2 - 100*j. Suppose 0 = -11*b + 7*b + 4. Determine u(b).
3
Let m(l) = -l**2 + 10*l + 0*l - 18*l + l**2 - 5 + l**2. What is m(9)?
4
Let p(s) be the first derivative of -11 + 1/2*s**2 - 1/3*s**3 - 4*s. Give p(0).
-4
Suppose -2*q + 3 = x, -2*x + q + 4*q = 12. Let r(w) = w**2 + w - 1. Let a(b) = b**3 + b**2 + 2*b + 3. Let v(h) = x*r(h) + a(h). Determine v(0).
4
Let p(k) = 4*k**2 - 6*k + 5. Suppose 2*m = -2*s + 8*m + 30, 3*s + 7 = -4*m. What is p(s)?
23
Let o(u) = u + 4. Suppose -4*j - 75 + 91 = 0. Suppose -9*r = j*r + 91. Give o(r).
-3
Let o(k) = -8*k**3 - 3*k - 2*k**2 + 4*k + 4*k**2. Let n be (4 - 12) + 9 + -2. What is o(n)?
9
Let v be ((-6)/(-5) - 2)*40/(-16). Let j(l) = 9*l**2 + 2 - v*l + l**3 + 6*l**2 - 12*l**2. Give j(-3).
8
Let n(g) = -1. Let u(o) = -o - 1. Let b(r) = -6*n(r) + 5*u(r). Let s(w) = w**3 - 4*w**2 - 13*w + 5. Let d be s(6). What is b(d)?
6
Let x(a) = a + 36. Let z be 1*0*1/(-7). What is x(z)?
36
Let n(q) = -q**3 + 7*q**2 + 4*q + 38. Let u be n(8). Let a(d) = -d + 13. Give a(u).
7
Let o = 430 + -426. Let r(u) = -u**2 + 9. Give r(o).
-7
Let q(y) = 168*y + 40*y**2 - 2 - 174*y + 4 - 41*y**2. Give q(-5).
7
Suppose 2*k + 61 = 53. Let y(u) = 2*u**2 + 6*u + 2. What is y(k)?
10
Let q(f) = -f**2 - 4*f + 8. Let z be (-168)/9*(-6)/(-4). Let g be 4/(-14) - 64/z. Suppose -c + 2*c + g = 4*j, 4*c + 25 = -j. Calculate q(c).
-4
Let l(k) = -8*k**2 + 4*k**3 - 2 - 5*k**3 + 2*k**3. Give l(8).
-2
Let z be 2/3 + 7/3. Let p(j) be the third derivative of -j**6/120 + j**5/15 - j**4/12 - j**3/2 - 10*j**2. What is p(z)?
0
Let o(s) = 2*s + 20. Let p be o(-12). Let w(t) be the first derivative of -2 + 2/3*t**3 - 5/2*t**2 + 2*t + 1/4*t**4. Determine w(p).
-10
Let o(a) = 4*a**2 - 7*a - 3. Let z(r) = r**2 - 10 - 8*r + r**2 + 3*r**2 + 7. Let c(q) = 4*o(q) - 3*z(q). What is c(4)?
-3
Let v(g) = 5*g**3 - 5*g**2 + 22*g + 29. Let m(r) = 11*r**3 - 7*r**2 + 46*r + 58. Let s(l) = 4*m(l) - 9*v(l). Calculate s(16).
3
Let r be 3 - 54/4*1/6. Let l(b) be the second derivative of -1/2*b**2 + 0 + r*b**4 - 1/6*b**3 - 8*b. Determine l(-1).
9
Let j(g) = 9*g**2 + 18*g + 4. Let v(o) = 4*o**2 + 8*o + 2. Let y(r) = 3*j(r) - 7*v(r). Suppose -45 = 3*l + 2*l. Let k = l - -6. Give y(k).
-5
Suppose -7*q - 238 = 10*q. Let m(c) = c**3 + 13*c**2 - 14*c + 20. Determine m(q).
20
Let x be (3 + (-33)/9)/((-2)/3). Let r be x + 5/(15/33)*-1. Let k(u) = u**2 + 12*u + 7. Determine k(r).
-13
Let t be (10 - 10 - 1*-2)*2. Let o(g) be the first derivative of 4*g - 1/3*g**3 - 3 + 2*g**2. What is o(t)?
4
Let o(y) be the third derivative of y**8/20160 - y**7/2520 - y**6/360 - 2*y**5/15 - 38*y**2. Let s(u) be the third derivative of o(u). What is s(-3)?
13
Let p(a) be the second derivative of 5*a**4/12 + a**3/3 + a**2/2 + a + 47. Calculate p(-1).
4
Suppose -x = 3*f + 1 - 21, -5*x = f - 16. Let v(a) = -a**3 + 7*a**2 - 5*a - 2. What is v(f)?
4
Let u(c) = -11*c**3 + c**2 + c + 1. Let w = -102 + 101. What is u(w)?
12
Suppose -136*b + 146*b - 20 = 0. Let f(d) = 9*d + 2. Calculate f(b).
20
Let q(n) be the third derivative of n**5/60 + n**4/3 + 10*n**3/3 - 2*n**2 - 80. Give q(-6).
8
Let f(d) = -11*d**2 + 3*d - 1. Let s be 1/((-4)/(-28) - (-6)/7). What is f(s)?
-9
Suppose -14*i + 9*i = 5. Let g = -3 + i. Let r(d) be the second derivative of -d**3/6 + 2*d**2 + d. Give r(g).
8
Let p(x) be the second derivative of x**3/2 - 2*x. Let o be 0 + (1 + 2 - 2). Determine p(o).
3
Let x(z) = -19*z**2 + 15*z - 3. Let y(m) = -12*m**2 + 10*m - 2. Let p(l) = -5*x(l) + 8*y(l). Let a(j) = 2*j**2 + 2*j + 3. Let c be a(0). Determine p(c).
5
Let a(b) = -b + 13. Suppose -v + 10 = -0. Let q be ((-12)/10)/(3/v) - -10. What is a(q)?
7
Let c(r) = 43 - 311*r + 161*r + 157*r. Give c(-7).
-6
Let g(o) = o**3 + 6*o**2 - 10*o - 3. Let n be 15/10 - (1 - (-51)/(-6)). Suppose w = 2*j - n, 5*w = -8*j + 3*j - 30. Calculate g(w).
18
Let h(k) = k - 11. Suppose 12 = -c + 2*w - 15, 2*c + 5*w = -45. Suppose 0 = 5*x + 79 + 71. Let o = c - x. Give h(o).
-6
Let j(o) = -4*o**3 + o**2 - o. Let k(v) = v**2 + 8*v - 33. Let y be k(-11). Let l(d) = d + 2 + 0 - 1. Let p be l(y). Determine j(p).
-4
Let y(k) = -k**3 - 4*k**2 - 3*k + 4. Suppose -m = -5*m + 4. Let d = 2 + m. Suppose -4*q - 26 = 2*s, -3*s = -6*s - d*q - 24. What is y(s)?
4
Suppose 4*o + m + 36 = 0, o + 5 = -4*m - 19. Let p = -6 - o. Let v(f) = 13*f - 1. Let i(a) = -20*a + 1. Let r(k) = -5*i(k) - 8*v(k). Give r(p).
-5
Let x(v) be the third derivative of v**5/60 + v**4/3 + 5*v**3/6 + v**2. Give x(-6).
-7
Let d(x) = 2*x**3 - x**2 + x + 1. Let r be (4 + (-52)/12)*0. Suppose -4*i = p + 5, r*i - 4*i - 6 = 2*p. What is d(i)?
-3
Let m(a) = -a + 1. Let y(r) = -3*r - r - 3*r. Suppose -2*f - 23 = -35. Let h(t) = f*m(t) - y(t). Give h(-5).
1
Let y(m) = -m**2 - 2*m + 8. Let v = 2106 - 2101. What is y(v)?
-27
Let x(u) = 2*u**3 - 6*u**2 - u + 4. Let y(s) = -3*s**3 + 9*s**2 + s - 6. Suppose -5*z + 15 + 10 = 0. Let b(p) = z*y(p) + 7*x(p). What is b(2)?
-2
Let i(x) = -21*x**2 - 60 - 28 - 18*x + 28 + 11*x**3 - 10*x**3 - x. Give i(22).
6
Let p(o) be the third derivative of -o**5/120 - 3*o**4/8 + 2*o**3 + 3*o**2. Let h(s) be the first derivative of p(s). Give h(-6).
-3
Let n be 0/4 - (0 - 0). Let c = n - 6. Let d(z) = z**2 + 6*z + 1. Determine d(c).
1
Let r(o) = -o - 8. Let c = -30 + 36. Determine r(c).
-14
Let q(f) be the third derivative of 5*f**4/24 + f**3/3 + 6*f**2 + 9*f. Calculate q(1).
7
Let s(i) = 13 - 17*i - 7*i + 25*i. What is s(-9)?
4
Let l(w) = 0*w - w**3 + 477 - 8*w**2 - w - 479. Calculate l(-8).
6
Let k be (-1)/(-2) + 11/22. Let p(f) = f + 4 + f**2 + 12*f**3 - 4 + 0*f**2 + k. Suppose 9*s - 4*s = -5. Determine p(s).
-11
Let b(w) be the third derivative of w**6/120 - w**5/10 + w**4/12 + w**3/3 - 102*w**2. What is b(6)?
14
Let k(o) = -12*o - o**3 + 873*o**2 - 433*o**2 + 6 - 433*o**2. Determine k(5).
-4
Let f(b) = b**2 - 2*b - 5. Suppose 3*u + 3*s = -0*s, 5*u - 15 = -2*s. What is f(u)?
10
Let f(o) = o**2 - 5*o - 1. Suppose 2*g = 5*i - g - 80, 5*g - 48 = -3*i. Let w = -12 + i. Calculate f(w).
-5
Let f(z) = -z**3 + 3*z**2 - z - 4. Let d = -9 + 14. Suppose -16 = -m - d*a, 4*m - 15 - 1 = -4*a. Let y = 4 - m. Calculate f(y).
-7
Let y = 18 + -12. Let t(z) be the first derivative of -2*z**2 + 8*z - 2. Let a(i) = -9*i + 16. Let w(n) = -3*a(n) + 7*t(n). Calculate w(y).
2
Let v(h) be the third derivative of h**4/12 + h**3/6 - h**2. Let n(f) = -f**2 + 15*f - 29. Let p be n(2). Calculate v(p).
-5
Let h(t) = 26 + 19 + 21 - 3*t - 68. Suppose -4*k + 4 = 0, 0*d - d + 2*k - 4 = 0. Let r be d/(-6) - (-98)/21. Calculate h(r).
-17
Let t(k) = 1. Let y(d) = d + 1. Let c(r) = -3*t(r) + 2*y(r). What is c(-3)?
-7
Let m(g) = g**3 + 3*g**2 + 5*g. Let l be m(-2). Let f(